{"id":836,"date":"2025-11-13T17:25:05","date_gmt":"2025-11-13T23:25:05","guid":{"rendered":"https:\/\/globalsbr.com\/?page_id=836"},"modified":"2025-12-09T13:15:29","modified_gmt":"2025-12-09T19:15:29","slug":"recibir-llantas","status":"publish","type":"page","link":"https:\/\/globalsbr.com\/index.php\/recibir-llantas\/","title":{"rendered":"Recibir llantas"},"content":{"rendered":"\t\t<div data-elementor-type=\"wp-page\" data-elementor-id=\"836\" class=\"elementor elementor-836\">\n\t\t\t\t\t\t<section class=\"elementor-section elementor-top-section elementor-element elementor-element-5b6e9a97 elementor-section-stretched elementor-section-full_width elementor-section-height-min-height elementor-section-height-default elementor-section-items-middle\" data-id=\"5b6e9a97\" data-element_type=\"section\" data-settings=\"{&quot;stretch_section&quot;:&quot;section-stretched&quot;,&quot;background_background&quot;:&quot;classic&quot;}\">\n\t\t\t\t\t\t\t<div class=\"elementor-background-overlay\"><\/div>\n\t\t\t\t\t\t\t<div class=\"elementor-container elementor-column-gap-narrow\">\n\t\t\t\t\t<div class=\"elementor-column elementor-col-100 elementor-top-column elementor-element elementor-element-169c8bf\" data-id=\"169c8bf\" data-element_type=\"column\">\n\t\t\t<div class=\"elementor-widget-wrap elementor-element-populated\">\n\t\t\t\t\t\t<div class=\"elementor-element elementor-element-216f1b6b elementor-widget elementor-widget-spacer\" data-id=\"216f1b6b\" data-element_type=\"widget\" data-widget_type=\"spacer.default\">\n\t\t\t\t\t\t\t<div class=\"elementor-spacer\">\n\t\t\t<div class=\"elementor-spacer-inner\"><\/div>\n\t\t<\/div>\n\t\t\t\t\t\t<\/div>\n\t\t\t\t<div class=\"elementor-element elementor-element-480d4f18 elementor-widget__width-initial elementor-widget-tablet__width-initial elementor-invisible elementor-widget elementor-widget-heading\" data-id=\"480d4f18\" data-element_type=\"widget\" data-settings=\"{&quot;_animation&quot;:&quot;slideInUp&quot;,&quot;_animation_delay&quot;:100}\" data-widget_type=\"heading.default\">\n\t\t\t\t\t<h2 class=\"elementor-heading-title elementor-size-default\">Recibir llantas<\/h2>\t\t\t\t<\/div>\n\t\t\t\t<div class=\"elementor-element elementor-element-62cbe18a elementor-widget__width-initial elementor-widget-tablet__width-initial elementor-widget-mobile__width-inherit elementor-invisible elementor-widget elementor-widget-text-editor\" data-id=\"62cbe18a\" data-element_type=\"widget\" data-settings=\"{&quot;_animation&quot;:&quot;fadeInUp&quot;,&quot;_animation_delay&quot;:150}\" data-widget_type=\"text-editor.default\">\n\t\t\t\t\t\t\t\t\t<p>Los requisitos y recomendaciones para volverte un centro de reciclado autorizado para recibir llantas.<\/p>\t\t\t\t\t\t\t\t<\/div>\n\t\t\t\t\t<\/div>\n\t\t<\/div>\n\t\t\t\t\t<\/div>\n\t\t<\/section>\n\t\t\t\t<section class=\"elementor-section elementor-top-section elementor-element elementor-element-4b7810b0 elementor-section-stretched elementor-section-full_width elementor-section-height-default elementor-section-height-default\" data-id=\"4b7810b0\" data-element_type=\"section\" data-settings=\"{&quot;stretch_section&quot;:&quot;section-stretched&quot;}\">\n\t\t\t\t\t\t<div class=\"elementor-container elementor-column-gap-default\">\n\t\t\t\t\t<div class=\"elementor-column elementor-col-100 elementor-top-column elementor-element elementor-element-283c427e\" data-id=\"283c427e\" data-element_type=\"column\">\n\t\t\t<div class=\"elementor-widget-wrap elementor-element-populated\">\n\t\t\t\t\t\t<section class=\"elementor-section elementor-inner-section elementor-element elementor-element-704b1bf4 elementor-section-content-middle elementor-reverse-mobile elementor-section-boxed elementor-section-height-default elementor-section-height-default\" data-id=\"704b1bf4\" data-element_type=\"section\">\n\t\t\t\t\t\t<div class=\"elementor-container elementor-column-gap-wide\">\n\t\t\t\t\t<div class=\"elementor-column elementor-col-50 elementor-inner-column elementor-element elementor-element-51f6ebc8\" data-id=\"51f6ebc8\" data-element_type=\"column\">\n\t\t\t<div class=\"elementor-widget-wrap elementor-element-populated\">\n\t\t\t\t\t\t<div class=\"elementor-element elementor-element-781064db elementor-invisible elementor-widget elementor-widget-heading\" data-id=\"781064db\" data-element_type=\"widget\" data-settings=\"{&quot;_animation&quot;:&quot;fadeInLeft&quot;}\" data-widget_type=\"heading.default\">\n\t\t\t\t\t<h2 class=\"elementor-heading-title elementor-size-default\">Recibir llantas<\/h2>\t\t\t\t<\/div>\n\t\t\t\t<div class=\"elementor-element elementor-element-fcc5a74 elementor-invisible elementor-widget elementor-widget-heading\" data-id=\"fcc5a74\" data-element_type=\"widget\" data-settings=\"{&quot;_animation&quot;:&quot;fadeInLeft&quot;,&quot;_animation_delay&quot;:1000}\" data-widget_type=\"heading.default\">\n\t\t\t\t\t<h2 class=\"elementor-heading-title elementor-size-default\">Ser parte de SBR tiene sus ventajas<\/h2>\t\t\t\t<\/div>\n\t\t\t\t<div class=\"elementor-element elementor-element-552aed76 elementor-widget-divider--view-line elementor-widget elementor-widget-divider\" data-id=\"552aed76\" data-element_type=\"widget\" data-widget_type=\"divider.default\">\n\t\t\t\t\t\t\t<div class=\"elementor-divider\">\n\t\t\t<span class=\"elementor-divider-separator\">\n\t\t\t\t\t\t<\/span>\n\t\t<\/div>\n\t\t\t\t\t\t<\/div>\n\t\t\t\t<div class=\"elementor-element elementor-element-437cd41e elementor-invisible elementor-widget elementor-widget-text-editor\" data-id=\"437cd41e\" data-element_type=\"widget\" data-settings=\"{&quot;_animation&quot;:&quot;fadeInRight&quot;,&quot;_animation_delay&quot;:1500}\" data-widget_type=\"text-editor.default\">\n\t\t\t\t\t\t\t\t\t<p>Al formar parte de SBR te vuelves miembro de la sociedad m\u00e1s grande en M\u00e9xico de productores de caucho, lo cual tiene sus ventajas. Entre las cuales se encuentra un flujo seguro de llantas para su destrucci\u00f3n y reciclaje.<\/p>\t\t\t\t\t\t\t\t<\/div>\n\t\t\t\t\t<\/div>\n\t\t<\/div>\n\t\t\t\t<div class=\"elementor-column elementor-col-50 elementor-inner-column elementor-element elementor-element-58f95134\" data-id=\"58f95134\" data-element_type=\"column\">\n\t\t\t<div class=\"elementor-widget-wrap elementor-element-populated\">\n\t\t\t\t\t\t<div class=\"elementor-element elementor-element-1212f62 elementor-widget elementor-widget-video\" data-id=\"1212f62\" data-element_type=\"widget\" data-settings=\"{&quot;show_image_overlay&quot;:&quot;yes&quot;,&quot;image_overlay&quot;:{&quot;url&quot;:&quot;https:\\\/\\\/globalsbr.com\\\/wp-content\\\/uploads\\\/2025\\\/10\\\/IMG_1239.jpg&quot;,&quot;id&quot;:272,&quot;size&quot;:&quot;&quot;,&quot;alt&quot;:&quot;&quot;,&quot;source&quot;:&quot;library&quot;},&quot;video_type&quot;:&quot;hosted&quot;}\" data-widget_type=\"video.default\">\n\t\t\t\t\t\t\t<div class=\"e-hosted-video elementor-wrapper elementor-open-inline\">\n\t\t\t\t\t<video class=\"elementor-video\" src=\"https:\/\/globalsbr.com\/wp-content\/uploads\/2025\/10\/WhatsApp-Video-2025-10-04-at-08.06.28_1a7a6b8a.mp4\" preload=\"metadata\" controlsList=\"nodownload\" poster=\"https:\/\/globalsbr.com\/wp-content\/uploads\/2025\/10\/IMG_1239.jpg\"><\/video>\n\t\t\t\t\t\t<div class=\"elementor-custom-embed-image-overlay\" style=\"background-image: url(https:\/\/globalsbr.com\/wp-content\/uploads\/2025\/10\/IMG_1239.jpg);\">\n\t\t\t\t\t\t\t\t\t\t\t\t\t\t<\/div>\n\t\t\t\t\t<\/div>\n\t\t\t\t\t\t<\/div>\n\t\t\t\t\t<\/div>\n\t\t<\/div>\n\t\t\t\t\t<\/div>\n\t\t<\/section>\n\t\t\t\t\t<\/div>\n\t\t<\/div>\n\t\t\t\t\t<\/div>\n\t\t<\/section>\n\t\t\t\t<section class=\"elementor-section elementor-top-section elementor-element elementor-element-214efcb5 elementor-section-boxed elementor-section-height-default elementor-section-height-default\" data-id=\"214efcb5\" data-element_type=\"section\">\n\t\t\t\t\t\t<div class=\"elementor-container elementor-column-gap-no\">\n\t\t\t\t\t<div class=\"elementor-column elementor-col-50 elementor-top-column elementor-element elementor-element-7c6f486d elementor-invisible\" data-id=\"7c6f486d\" data-element_type=\"column\" data-settings=\"{&quot;animation&quot;:&quot;fadeInLeft&quot;}\">\n\t\t\t<div class=\"elementor-widget-wrap elementor-element-populated\">\n\t\t\t\t\t\t<div class=\"elementor-element elementor-element-25f0a8b6 elementor-widget elementor-widget-heading\" data-id=\"25f0a8b6\" data-element_type=\"widget\" data-widget_type=\"heading.default\">\n\t\t\t\t\t<h2 class=\"elementor-heading-title elementor-size-default\">Preguntas frecuentes <\/h2>\t\t\t\t<\/div>\n\t\t\t\t<div class=\"elementor-element elementor-element-138de5c4 elementor-widget elementor-widget-text-editor\" data-id=\"138de5c4\" data-element_type=\"widget\" data-widget_type=\"text-editor.default\">\n\t\t\t\t\t\t\t\t\t<p>Si a\u00fan tienes dudas o preguntas, no dudes en consultar este apartado o<br \/>comun\u00edcate con nosotros por tel\u00e9fono o correo electr\u00f3nico, estamos<br \/>felices de resolver tus dudas.<\/p>\t\t\t\t\t\t\t\t<\/div>\n\t\t\t\t\t<\/div>\n\t\t<\/div>\n\t\t\t\t<div class=\"elementor-column elementor-col-50 elementor-top-column elementor-element elementor-element-63c8b3d6\" data-id=\"63c8b3d6\" data-element_type=\"column\">\n\t\t\t<div class=\"elementor-widget-wrap elementor-element-populated\">\n\t\t\t\t\t\t<div class=\"elementor-element elementor-element-75bf7108 elementor-invisible elementor-widget elementor-widget-eael-adv-accordion\" data-id=\"75bf7108\" data-element_type=\"widget\" data-settings=\"{&quot;_animation&quot;:&quot;fadeInRight&quot;}\" data-widget_type=\"eael-adv-accordion.default\">\n\t\t\t\t\t        <div class=\"eael-adv-accordion\" id=\"eael-adv-accordion-75bf7108\" data-scroll-on-click=\"no\" data-scroll-speed=\"300\" data-accordion-id=\"75bf7108\" data-accordion-type=\"accordion\" data-toogle-speed=\"300\">\n    <div class=\"eael-accordion-list\">\n                <div id=\"cuales-son-los-requisitos\" class=\"elementor-tab-title eael-accordion-header\" tabindex=\"0\" data-tab=\"1\" aria-controls=\"elementor-tab-content-1971\"><span class=\"eael-accordion-tab-title\">\u00bfCuales son los requisitos?<\/span><span class=\"eael-advanced-accordion-icon-closed\"><svg aria-hidden=\"true\" class=\"fa-accordion-icon e-font-icon-svg e-fas-plus\" viewBox=\"0 0 448 512\" xmlns=\"http:\/\/www.w3.org\/2000\/svg\"><path d=\"M416 208H272V64c0-17.67-14.33-32-32-32h-32c-17.67 0-32 14.33-32 32v144H32c-17.67 0-32 14.33-32 32v32c0 17.67 14.33 32 32 32h144v144c0 17.67 14.33 32 32 32h32c17.67 0 32-14.33 32-32V304h144c17.67 0 32-14.33 32-32v-32c0-17.67-14.33-32-32-32z\"><\/path><\/svg><\/span><span class=\"eael-advanced-accordion-icon-opened\"><svg aria-hidden=\"true\" class=\"fa-accordion-icon e-font-icon-svg e-fas-minus\" viewBox=\"0 0 448 512\" xmlns=\"http:\/\/www.w3.org\/2000\/svg\"><path d=\"M416 208H32c-17.67 0-32 14.33-32 32v32c0 17.67 14.33 32 32 32h384c17.67 0 32-14.33 32-32v-32c0-17.67-14.33-32-32-32z\"><\/path><\/svg><\/span><\/div><div id=\"elementor-tab-content-1971\" class=\"eael-accordion-content clearfix\" data-tab=\"1\" aria-labelledby=\"cuales-son-los-requisitos\"><p>Al formar parte de SBR debes de cumplir los siguientes requisitos:<\/p><ul><li>Contar con permiso para el reciclaje de llantas<\/li><li>Ser capaz de proveer un producto de la m\u00e1s alta calidad de manera constante<\/li><li>Pagar la membres\u00eda anual<\/li><\/ul><\/div>\n                <\/div><div class=\"eael-accordion-list\">\n                <div id=\"cuantas-llantas-recibire\" class=\"elementor-tab-title eael-accordion-header\" tabindex=\"0\" data-tab=\"2\" aria-controls=\"elementor-tab-content-1972\"><span class=\"eael-accordion-tab-title\">\u00bfCuantas llantas recibire?<\/span><span class=\"eael-advanced-accordion-icon-closed\"><svg aria-hidden=\"true\" class=\"fa-accordion-icon e-font-icon-svg e-fas-plus\" viewBox=\"0 0 448 512\" xmlns=\"http:\/\/www.w3.org\/2000\/svg\"><path d=\"M416 208H272V64c0-17.67-14.33-32-32-32h-32c-17.67 0-32 14.33-32 32v144H32c-17.67 0-32 14.33-32 32v32c0 17.67 14.33 32 32 32h144v144c0 17.67 14.33 32 32 32h32c17.67 0 32-14.33 32-32V304h144c17.67 0 32-14.33 32-32v-32c0-17.67-14.33-32-32-32z\"><\/path><\/svg><\/span><span class=\"eael-advanced-accordion-icon-opened\"><svg aria-hidden=\"true\" class=\"fa-accordion-icon e-font-icon-svg e-fas-minus\" viewBox=\"0 0 448 512\" xmlns=\"http:\/\/www.w3.org\/2000\/svg\"><path d=\"M416 208H32c-17.67 0-32 14.33-32 32v32c0 17.67 14.33 32 32 32h384c17.67 0 32-14.33 32-32v-32c0-17.67-14.33-32-32-32z\"><\/path><\/svg><\/span><\/div><div id=\"elementor-tab-content-1972\" class=\"eael-accordion-content clearfix\" data-tab=\"2\" aria-labelledby=\"cuantas-llantas-recibire\"><p>La cantidad de llantas depender\u00e1 de tu capacidad de producci\u00f3n y del acuerdo inicial al que se llegue al unirte a SBR.<\/p><\/div>\n                <\/div><div class=\"eael-accordion-list\">\n                <div id=\"las-llantas-tienen-un-costo\" class=\"elementor-tab-title eael-accordion-header\" tabindex=\"0\" data-tab=\"3\" aria-controls=\"elementor-tab-content-1973\"><span class=\"eael-accordion-tab-title\">\u00bfLas llantas tienen un costo?<\/span><span class=\"eael-advanced-accordion-icon-closed\"><svg aria-hidden=\"true\" class=\"fa-accordion-icon e-font-icon-svg e-fas-plus\" viewBox=\"0 0 448 512\" xmlns=\"http:\/\/www.w3.org\/2000\/svg\"><path d=\"M416 208H272V64c0-17.67-14.33-32-32-32h-32c-17.67 0-32 14.33-32 32v144H32c-17.67 0-32 14.33-32 32v32c0 17.67 14.33 32 32 32h144v144c0 17.67 14.33 32 32 32h32c17.67 0 32-14.33 32-32V304h144c17.67 0 32-14.33 32-32v-32c0-17.67-14.33-32-32-32z\"><\/path><\/svg><\/span><span class=\"eael-advanced-accordion-icon-opened\"><svg aria-hidden=\"true\" class=\"fa-accordion-icon e-font-icon-svg e-fas-minus\" viewBox=\"0 0 448 512\" xmlns=\"http:\/\/www.w3.org\/2000\/svg\"><path d=\"M416 208H32c-17.67 0-32 14.33-32 32v32c0 17.67 14.33 32 32 32h384c17.67 0 32-14.33 32-32v-32c0-17.67-14.33-32-32-32z\"><\/path><\/svg><\/span><\/div><div id=\"elementor-tab-content-1973\" class=\"eael-accordion-content clearfix\" data-tab=\"3\" aria-labelledby=\"las-llantas-tienen-un-costo\"><p>Si eres parte de SBR, el env\u00edo de llantas vendr\u00e1 incluido dentro de tu membres\u00eda al asegurarte de su segura destrucci\u00f3n, sin embargo, si no eres parte de la sociedad deber\u00e1s pagar un precio acorde a las llantas que requieras y asegurar que estas ser\u00e1n recicladas.<\/p><\/div>\n                <\/div><div class=\"eael-accordion-list\">\n                <div id=\"qu-tipo-de-llantas-recibire\" class=\"elementor-tab-title eael-accordion-header\" tabindex=\"0\" data-tab=\"4\" aria-controls=\"elementor-tab-content-1974\"><span class=\"eael-accordion-tab-title\">\u00bfQu\u00e9 tipo de llantas recibire?<\/span><span class=\"eael-advanced-accordion-icon-closed\"><svg aria-hidden=\"true\" class=\"fa-accordion-icon e-font-icon-svg e-fas-plus\" viewBox=\"0 0 448 512\" xmlns=\"http:\/\/www.w3.org\/2000\/svg\"><path d=\"M416 208H272V64c0-17.67-14.33-32-32-32h-32c-17.67 0-32 14.33-32 32v144H32c-17.67 0-32 14.33-32 32v32c0 17.67 14.33 32 32 32h144v144c0 17.67 14.33 32 32 32h32c17.67 0 32-14.33 32-32V304h144c17.67 0 32-14.33 32-32v-32c0-17.67-14.33-32-32-32z\"><\/path><\/svg><\/span><span class=\"eael-advanced-accordion-icon-opened\"><svg aria-hidden=\"true\" class=\"fa-accordion-icon e-font-icon-svg e-fas-minus\" viewBox=\"0 0 448 512\" xmlns=\"http:\/\/www.w3.org\/2000\/svg\"><path d=\"M416 208H32c-17.67 0-32 14.33-32 32v32c0 17.67 14.33 32 32 32h384c17.67 0 32-14.33 32-32v-32c0-17.67-14.33-32-32-32z\"><\/path><\/svg><\/span><\/div><div id=\"elementor-tab-content-1974\" class=\"eael-accordion-content clearfix\" data-tab=\"4\" aria-labelledby=\"qu-tipo-de-llantas-recibire\"><p>Al momento de que se te env\u00eden llantas se tendr\u00e1 un r\u00e9cord previo sobre cu\u00e1les son el tipo de llantas que eres capaz de procesar y se te enviar\u00e1n exclusivamente llantas de ese tipo.<\/p><\/div>\n                <\/div><\/div>\t\t\t\t<\/div>\n\t\t\t\t\t<\/div>\n\t\t<\/div>\n\t\t\t\t\t<\/div>\n\t\t<\/section>\n\t\t\t\t<\/div>\n\t\t","protected":false},"excerpt":{"rendered":"<p>Recibir llantas Los requisitos y recomendaciones para volverte un centro de reciclado autorizado para recibir llantas. Recibir llantas Ser parte de SBR tiene sus ventajas Al formar parte de SBR te vuelves miembro de la sociedad m\u00e1s grande en M\u00e9xico de productores de caucho, lo cual tiene sus ventajas. Entre las cuales se encuentra un [&hellip;]<\/p>\n","protected":false},"author":1,"featured_media":0,"parent":0,"menu_order":0,"comment_status":"closed","ping_status":"closed","template":"elementor_header_footer","meta":{"_eb_attr":"","footnotes":""},"class_list":["post-836","page","type-page","status-publish","hentry","entry"],"yoast_head":"<!-- This site is optimized with the Yoast SEO plugin v26.5 - https:\/\/yoast.com\/wordpress\/plugins\/seo\/ -->\n<title>Recibir llantas - Global SBR<\/title>\n<meta name=\"robots\" content=\"index, follow, max-snippet:-1, max-image-preview:large, max-video-preview:-1\" \/>\n<link rel=\"canonical\" href=\"https:\/\/globalsbr.com\/index.php\/recibir-llantas\/\" \/>\n<meta property=\"og:locale\" content=\"es_MX\" \/>\n<meta property=\"og:type\" content=\"article\" \/>\n<meta property=\"og:title\" content=\"Recibir llantas - Global SBR\" \/>\n<meta property=\"og:description\" content=\"Recibir llantas Los requisitos y recomendaciones para volverte un centro de reciclado autorizado para recibir llantas. Recibir llantas Ser parte de SBR tiene sus ventajas Al formar parte de SBR te vuelves miembro de la sociedad m\u00e1s grande en M\u00e9xico de productores de caucho, lo cual tiene sus ventajas. Entre las cuales se encuentra un [&hellip;]\" \/>\n<meta property=\"og:url\" content=\"https:\/\/globalsbr.com\/index.php\/recibir-llantas\/\" \/>\n<meta property=\"og:site_name\" content=\"Global SBR\" \/>\n<meta property=\"article:modified_time\" content=\"2025-12-09T19:15:29+00:00\" \/>\n<meta name=\"twitter:card\" content=\"summary_large_image\" \/>\n<meta name=\"twitter:label1\" content=\"Tiempo de lectura\" \/>\n\t<meta name=\"twitter:data1\" content=\"1 minuto\" \/>\n<script type=\"application\/ld+json\" class=\"yoast-schema-graph\">{\"@context\":\"https:\/\/schema.org\",\"@graph\":[{\"@type\":\"WebPage\",\"@id\":\"https:\/\/globalsbr.com\/index.php\/recibir-llantas\/\",\"url\":\"https:\/\/globalsbr.com\/index.php\/recibir-llantas\/\",\"name\":\"Recibir llantas - Global SBR\",\"isPartOf\":{\"@id\":\"https:\/\/globalsbr.com\/#website\"},\"datePublished\":\"2025-11-13T23:25:05+00:00\",\"dateModified\":\"2025-12-09T19:15:29+00:00\",\"breadcrumb\":{\"@id\":\"https:\/\/globalsbr.com\/index.php\/recibir-llantas\/#breadcrumb\"},\"inLanguage\":\"es\",\"potentialAction\":[{\"@type\":\"ReadAction\",\"target\":[\"https:\/\/globalsbr.com\/index.php\/recibir-llantas\/\"]}]},{\"@type\":\"BreadcrumbList\",\"@id\":\"https:\/\/globalsbr.com\/index.php\/recibir-llantas\/#breadcrumb\",\"itemListElement\":[{\"@type\":\"ListItem\",\"position\":1,\"name\":\"Inicio\",\"item\":\"https:\/\/globalsbr.com\/\"},{\"@type\":\"ListItem\",\"position\":2,\"name\":\"Recibir llantas\"}]},{\"@type\":\"WebSite\",\"@id\":\"https:\/\/globalsbr.com\/#website\",\"url\":\"https:\/\/globalsbr.com\/\",\"name\":\"Global SBR\",\"description\":\"Suministro de caucho y soluciones de maquinaria para reciclado\",\"publisher\":{\"@id\":\"https:\/\/globalsbr.com\/#organization\"},\"potentialAction\":[{\"@type\":\"SearchAction\",\"target\":{\"@type\":\"EntryPoint\",\"urlTemplate\":\"https:\/\/globalsbr.com\/?s={search_term_string}\"},\"query-input\":{\"@type\":\"PropertyValueSpecification\",\"valueRequired\":true,\"valueName\":\"search_term_string\"}}],\"inLanguage\":\"es\"},{\"@type\":\"Organization\",\"@id\":\"https:\/\/globalsbr.com\/#organization\",\"name\":\"Global SBR\",\"url\":\"https:\/\/globalsbr.com\/\",\"logo\":{\"@type\":\"ImageObject\",\"inLanguage\":\"es\",\"@id\":\"https:\/\/globalsbr.com\/#\/schema\/logo\/image\/\",\"url\":\"https:\/\/globalsbr.com\/wp-content\/uploads\/2025\/10\/SBR-e1761262006352.png\",\"contentUrl\":\"https:\/\/globalsbr.com\/wp-content\/uploads\/2025\/10\/SBR-e1761262006352.png\",\"width\":1170,\"height\":493,\"caption\":\"Global SBR\"},\"image\":{\"@id\":\"https:\/\/globalsbr.com\/#\/schema\/logo\/image\/\"}}]}<\/script>\n<!-- \/ Yoast SEO plugin. -->","yoast_head_json":{"title":"Recibir llantas - Global SBR","robots":{"index":"index","follow":"follow","max-snippet":"max-snippet:-1","max-image-preview":"max-image-preview:large","max-video-preview":"max-video-preview:-1"},"canonical":"https:\/\/globalsbr.com\/index.php\/recibir-llantas\/","og_locale":"es_MX","og_type":"article","og_title":"Recibir llantas - Global SBR","og_description":"Recibir llantas Los requisitos y recomendaciones para volverte un centro de reciclado autorizado para recibir llantas. Recibir llantas Ser parte de SBR tiene sus ventajas Al formar parte de SBR te vuelves miembro de la sociedad m\u00e1s grande en M\u00e9xico de productores de caucho, lo cual tiene sus ventajas. Entre las cuales se encuentra un [&hellip;]","og_url":"https:\/\/globalsbr.com\/index.php\/recibir-llantas\/","og_site_name":"Global SBR","article_modified_time":"2025-12-09T19:15:29+00:00","twitter_card":"summary_large_image","twitter_misc":{"Tiempo de lectura":"1 minuto"},"schema":{"@context":"https:\/\/schema.org","@graph":[{"@type":"WebPage","@id":"https:\/\/globalsbr.com\/index.php\/recibir-llantas\/","url":"https:\/\/globalsbr.com\/index.php\/recibir-llantas\/","name":"Recibir llantas - Global SBR","isPartOf":{"@id":"https:\/\/globalsbr.com\/#website"},"datePublished":"2025-11-13T23:25:05+00:00","dateModified":"2025-12-09T19:15:29+00:00","breadcrumb":{"@id":"https:\/\/globalsbr.com\/index.php\/recibir-llantas\/#breadcrumb"},"inLanguage":"es","potentialAction":[{"@type":"ReadAction","target":["https:\/\/globalsbr.com\/index.php\/recibir-llantas\/"]}]},{"@type":"BreadcrumbList","@id":"https:\/\/globalsbr.com\/index.php\/recibir-llantas\/#breadcrumb","itemListElement":[{"@type":"ListItem","position":1,"name":"Inicio","item":"https:\/\/globalsbr.com\/"},{"@type":"ListItem","position":2,"name":"Recibir llantas"}]},{"@type":"WebSite","@id":"https:\/\/globalsbr.com\/#website","url":"https:\/\/globalsbr.com\/","name":"Global SBR","description":"Suministro de caucho y soluciones de maquinaria para reciclado","publisher":{"@id":"https:\/\/globalsbr.com\/#organization"},"potentialAction":[{"@type":"SearchAction","target":{"@type":"EntryPoint","urlTemplate":"https:\/\/globalsbr.com\/?s={search_term_string}"},"query-input":{"@type":"PropertyValueSpecification","valueRequired":true,"valueName":"search_term_string"}}],"inLanguage":"es"},{"@type":"Organization","@id":"https:\/\/globalsbr.com\/#organization","name":"Global SBR","url":"https:\/\/globalsbr.com\/","logo":{"@type":"ImageObject","inLanguage":"es","@id":"https:\/\/globalsbr.com\/#\/schema\/logo\/image\/","url":"https:\/\/globalsbr.com\/wp-content\/uploads\/2025\/10\/SBR-e1761262006352.png","contentUrl":"https:\/\/globalsbr.com\/wp-content\/uploads\/2025\/10\/SBR-e1761262006352.png","width":1170,"height":493,"caption":"Global SBR"},"image":{"@id":"https:\/\/globalsbr.com\/#\/schema\/logo\/image\/"}}]}},"_links":{"self":[{"href":"https:\/\/globalsbr.com\/index.php\/wp-json\/wp\/v2\/pages\/836","targetHints":{"allow":["GET"]}}],"collection":[{"href":"https:\/\/globalsbr.com\/index.php\/wp-json\/wp\/v2\/pages"}],"about":[{"href":"https:\/\/globalsbr.com\/index.php\/wp-json\/wp\/v2\/types\/page"}],"author":[{"embeddable":true,"href":"https:\/\/globalsbr.com\/index.php\/wp-json\/wp\/v2\/users\/1"}],"replies":[{"embeddable":true,"href":"https:\/\/globalsbr.com\/index.php\/wp-json\/wp\/v2\/comments?post=836"}],"version-history":[{"count":50,"href":"https:\/\/globalsbr.com\/index.php\/wp-json\/wp\/v2\/pages\/836\/revisions"}],"predecessor-version":[{"id":1197,"href":"https:\/\/globalsbr.com\/index.php\/wp-json\/wp\/v2\/pages\/836\/revisions\/1197"}],"wp:attachment":[{"href":"https:\/\/globalsbr.com\/index.php\/wp-json\/wp\/v2\/media?parent=836"}],"curies":[{"name":"wp","href":"https:\/\/api.w.org\/{rel}","templated":true}]}}